ate -124 + (14 + 57 - 42 - (13 + 3)).
-111
Evaluate 28 - 18 - 24 - -15 - 7 - 96.
-102
What is the value of 48 - 42 - (0 + 47) - (-34 - -50)?
-57
What is -8 - 1 - (-2392 - -2292)?
91
Calculate 2 + -21 - (87 + -43 - 25).
-38
Calculate (-78 + 71 - (2 + -2 + -17 - 2)) + 65.
77
Evaluate 6 + (16 + 3 - 2) - 90.
-67
21 + (-39 - (-19 + 8)) + 36 + 3 + -2
30
What is the value of 2 + -50 - -44 - -67 - (-13 + 1 + 1)?
74
What is the value of (-189 - -172) + -15 + 3?
-29
Calculate 36 - (-18 + 130 - 90 - (7 + -1)).
20
What is the value of -20 + 2 + 298 + -281 + -18?
-19
Calculate (-64 - -99) + -135 - -15.
-85
(-5 - -9 - -3) + -11 + 42 + 18
56
What is the value of -7 - (-10 + (-6 - (7 + -20 - -3)) + 14)?
-15
What is 7 + (40 + 33 - 50)?
30
What is the value of (3 - (-1 - -4)) + -2 + 2399 + -2400?
-3
What is ((-15 - -19) + 44 - -47) + -46?
49
Evaluate 1 + 0 + -9 - (-82 + -36 + 120).
-10
What is the value of -2 + (-8 - (1 + -7 + 2)) - (53 - 4)?
-55
Calculate (-48 - -35) + 2 + (-1 - (7 - 0)).
-19
What is the value of -15009 + 15007 + (100 - (2 + -1 - (0 - -2)))?
99
What is the value of 1 - -2 - 56 - (-17 + (22 - 6))?
-52
What is -11 - 5 - (-27 + 29 + 42)?
-60
Evaluate (4 - 15) + (17 - 45).
-39
What is (-227 - -234) + 3 + 18 + -3 + -4?
21
(114 - 59) + 12 + -17 + (-7 - -2 - -3)
48
What is the value of 120 + 1 - (-24 + 40 - 2 - (23 + -8))?
122
34 + -52 + 3 + -15 - -47
17
52 + -38 + 41 + (-1 - (0 + -4) - 5)
53
What is the value of 9 - ((14 - 45) + 20)?
20
Evaluate (-70 + 92 - -32) + -17.
37
What is (-7 - (-8 + 3)) + -2 + -3 + (9 - 22)?
-20
What is the value of 66 + (49 + 33 - 44)?
104
What is (-96 - (5 - 17)) + -4 - (-13 + 14)?
-89
Evaluate 23 + -33 + (-1 - 9) + 30 - (-11 - 2).
23
Calculate 22 + -39 + 31 - 15 - (-67 + 0).
66
Calculate (82 - 4) + -116 + 115.
77
Calculate -2 + -51 - (413 - 444).
-22
Calculate (-1 - (12 - 17)) + 24 + 0 + -7.
21
Evaluate 4 + -3 - -3 - ((-39 - -50) + 2 + -1).
-8
Calculate -9 + (14 - 37 - 58 - -43).
-47
Calculate (-27 - -11 - (-6 - 8)) + 0 + (1 - 3).
-4
What is the value of -1 + (-12 - (16 - 6)) + -16?
-39
What is the value of (-214 + 87 - -108) + 1 + (-2 - 9)?
-29
Calculate 1491 - 1593 - (-28 - (-3 + -1) - 1).
-77
What is (-29 + 84 - -10) + -17 + 1 + -9?
40
(-1 - (-1 + 11)) + (28 - (-27 + 110 - 5))
-61
Evaluate (1 - -7) + 17 + (-5 - 6 - 8) - 56.
-50
Calculate -28 + 8 + -4 + (45 - 189) + 98.
-70
Calculate -129 + 48 + 311 - 121.
109
What is the value of 12 + -1 + (-91 - -91) + -76?
-65
Evaluate -107 - -24 - -127 - 40.
4
2 + 1 + -25 + 38 + -3 + (-1 - -28)
40
-6264 + 6348 - (112 + 1)
-29
-250 + -21 + 304 + (2 - -9 - (0 + 1))
43
Calculate -50 + 78 + 37 - 74.
-9
What is -43 + -6 + 42 - -55?
48
Calculate (60 + -74 - -92) + -24 + 5.
59
201 - (158 - 64) - 88
19
Calculate 0 - (-1 + -13 + (-110 - -121) + 15) - -122.
110
(-1 - 54) + 1546 + -1534
-43
Evaluate 68 + (-14 + 2 - (-103 - -95)) + -2.
62
Evaluate -55 + 35 + 17 + -21.
-24
Evaluate 126 + -6 + (7 - (2 + 5) - -15) + -15.
120
-15 + 8 - (-46 + -57)
96
Evaluate -82 - (30 + -80 + 47).
-79
Evaluate -1 - (2 + (43 - 1) + 374 + -369).
-50
Calculate -638 + 612 - (-72 + (20 - 10)).
36
What is the value of 92 + 7 + 5 + 2 + -4 + 5 + -11?
96
(4 - (-5 - 15 - (-21 - -8))) + (0 - -65)
76
What is ((-3 - 14) + 14 - 4) + (38 - 0)?
31
What is the value of -49 - (15 - (-9 + (20 - -5)))?
-48
60 - 70 - -59 - (1 - 0 - (-4 + 2))
46
What is -13 - (7 + 1 - (-60 + 70))?
-11
Calculate -16 + -4 + 8 + 19 + -4 + 21 + 0.
24
Evaluate (-3 - -194) + (2053 - 2203).
41
Evaluate (60 - 67) + (-5 - -7 - -2) + 1.
-2
What is the value of 225 - 197 - (79 - (3 + -2))?
-50
Calculate 1 + (-83 - (-39 - -4)).
-47
What is the value of (63 - 74) + -2 + 0 - -47?
34
Evaluate -51 - -4 - (-1431 + 1424).
-40
What is 1 + 5 + -13 - (-92 - (30 - 36))?
79
What is the value of (42 + 1 + 31 - -14) + 12?
100
-53 + (37 - 4) + 5 - ((-2 - -96) + 0)
-109
What is 79 + (-65 - -16) + 16?
46
What is the value of 4 + -91 + -1957 + 1950?
-94
What is (9 - 3) + 109 + (25 - 144)?
-4
Calculate (-6 - (60 + -61) - (-1 + -111)) + 23.
130
-23 + -1 + ((19 - -11) + -19 - 19)
-32
What is the value of -2 - -19 - (-5 + -16 + 14)?
24
What is 17 - (39 - -35) - -26 - 18?
-49
Evaluate (17 + 8 - -3 - -1) + (-22 - -9) + 15.
31
Calculate 25 + (-4 - 2) + -2 + (-13 - 31).
-27
Calculate -38 - ((167 - 128) + (1 - 116)).
38
What is 21 + -35 + 19 + -8 + (1 - -20 - 2)?
16
-49 + (-1 - -68) + 0 + -17 + 84 + 0
85
What is the value of 2 - (-14 - (-4 - -10)) - 28?
-6
Calculate (-20 - -36 - 31) + 27 + 87.
99
Evaluate 14 - (10 - (-13 - (-9 + -1 + -7))).
8
Evaluate (13 - (-4 - (18 - 22))) + 4 + -35.
-18
What is the value of -121 + 61 - (11 + 26)?
-97
Evaluate 20 - (-5 + 3 + 14) - (-4 + -41).
53
Calculate (-8 - 15 - -31) + -31 + 43.
20
Calculate -100 + (79 + -126 - -39).
-108
Evaluate -1 + -20 - ((41 - 55) + 81).
-88
What is the value of 1 + -2 + 1 - -60 - (93578 + -93557)?
39
Calculate -5 + (0 - 0) + (-17 - -8) + 50 - -1.
37
What is the value of -12 - (2 + 1 + (-4 - 10) + 13)?
-14
What is (26 - -5) + 18 + -9 + -1 + 7?
46
Evaluate 70 + (31 - (45 + -40 - -57)).
39
(2 - (14 + 0 + -1 + 3)) + 0 + 11
-3
Calculate (47 - 62 - 79) + 51.
-43
Calculate 24 + -43 - -3 - (-2 + (5 - -7 - 5)).
-21
Evaluate (92 - 52) + -9 + -12 - (1 + (-2 - 8)).
28
Evaluate 6006 + -6125 - (-74 - 0).
-45
Evaluate (387 - 455 - (-61 - -6)) + 20 + -1.
6
What is the value of 6 + -100 + -11 + (67 - 53)?
-91
-1 - 0 - (228 + -135 + -91)
-3
Calculate -1 + -11 + (8 - (-4 + 13 + -12)) - -2.
1
Calculate -13 + -56 + -5 - (96 - 113).
-57
What is -111 - (-22 - (-38 + (-5 - -41)))?
-91
What is 16 + -1 + (-134 - -135) - -14?
30
What is 421 - 476 - (-4 - 55)?
4
-12 - (15 + -11) - (8 + -11 - -7)
-20
What is 102 + -32 + 1 + -42?
29
Calculate (3 - (-2 + -7)) + -49 + 32 - (-101 + 0).
96
98 + 4 - ((70 - 146) + 115)
63
Evaluate -4 + -1 + (12 + 17 - 8).
16
-140 + (-18 - -35 - 37) + 22 + -6
-144
Evaluate 85 + -93 + (4 - (1 - -15)).
-20
Calculate (-104 - -1 - -3) + -286 + 281 - 5.
-110
What is -11 - (-162 + 130) - -36?
57
What is (71 - -11 - 7) + (-11 + 21 - -6)?
91
Evaluate -6 + (-1 + (-12 - -1) - -1) + -2.
-19
-39 - ((6 - (25 - 5 - 12)) + (12 - 2))
-47
What is (1 - (32 + -37) - (-101 - -9)) + 1 + 3?
102
What is 67 - (2 + -5) - (-30 - -4 - (-461 - -421))?
56
What is 15 + (-13 - (24 - -16 - -97))?
-135
Calculate -34 + (-2 - (25 - 54) - -36).
29
Evaluate 170 + -176 + (-3 + 11 - -2) - (-2 + 26).
-20
Calculate -7 + 4 + 0 + 43 + -95 + 106.
51
Calculate (-48 - -48) + -10 - -30.
20
-78 + 5 + -4 + (-11 - 2) + 15
-75
(-44 + 52 - -43) + -2
49
What is 1 - -14 - -2 - ((54 - 47) + 3)?
7
Evaluate 5 + 3 + (95 - 131) + 2 + 0.
-26
56 + (12 + 1 - ((52 - 65) + 33))
49
-739 + 710 + (3 - 5 - 1)
-32
What is the value of 83 - ((106 - -61) + -108)?
24
Evaluate -64 - -44 - -56 - 7.
29
Calculate -13 + -1 + -4 + (-3 - 14).
-35
What is the value of (-25 - (39 - (-11 + 69))) + 50 + -1 + 1?
44
What is the value of -10 + (-426 + 438 + (2 - 0 - 23) - -138)?
119
What is the value of (-118 - -75 - -38) + (0 + -2 + 17 - -2)?
12
Calculate 67 + 85 + -47 + -65.
40
-62 + (-94 - -83) - (0 - 21)
-52
What is the value of -8 - -8 - (-1 - (35 + 7))?
43
Evaluate 4 + 94 + -41 + -7.
50
Evaluate (-5 - 3) + (20 + -15 - 0) + 9.
6
Calculate 27 + (-52 - (16 - 59)).
18
What is 3 - -4 - 10 - 9 - -66 - 7?
47
-6 - (-21 - (6 - (14 + -2)))
9
Calculate (75 - 97 - (-3 + 0 - -2)) + (4 - -1).
-16
Calculate -102 + 31 - (7 + -25 + -12 + 17 + 20).
-78
(21 - 42 - (12 + 12)) + (4 - -2 - 4)
-43
-6 - 2 - (-560 + 552) - (0 + -1)
1
Calculate 2 + -26 + (2 - 11) + (303 - 283).
-13
Evaluate -95 - ((-1 - 46) + -200 + 224).
-72
What is -1515 + 1517 - (23 - 1)?
-20
Evaluate -1 + 12 - (-6 - (-18 - (-15 - -11))).
3
What is -3 + (-18 - (3 + -9) - (0 + -49))?
34
What is the value of 9 + -102 + (-15 + -13 - -11)?
-110
What is the value of -15 + (10 - -8) + 1 + -29?
-25
-7 + -5 + 10 - (35 - -72)
-109
Evaluate 38 + (1 - 4 - (-61 - -77) - -37).
56
Evaluate 2 - ((-4 - (5 + 20)) + 15).
16
What is 57 - -1 - (2 - 3 - (-157 - -149))?
51
(2044 + -2037 - (-2 + -3 + -1)) + 0 + 1
14
Evaluate -4 + (12 + -11 - -36) + -16.
17
Calculate -8 + (25 - (66 - -13)) + (10 - (-1 + 2)).
-53
Evaluate 58 + (-101 - -36) - -15.
8
Calculate (-6 - (68 - (1 - (4 - -9 - 6)))) + 14.
-66
What is the value of 9 + (6 - 12) + -23 + 11 + 21?
12
Evaluate -1 + 24 + 27 - (15 - 